{"id":109,"date":"2024-09-11T08:27:02","date_gmt":"2024-09-11T08:27:02","guid":{"rendered":"https:\/\/parijs.kempenhorst.nl\/?page_id=109"},"modified":"2025-09-04T13:15:07","modified_gmt":"2025-09-04T13:15:07","slug":"donderdag","status":"publish","type":"page","link":"https:\/\/parijs.kempenhorst.nl\/?page_id=109","title":{"rendered":"Donderdag"},"content":{"rendered":"\n<h2 class=\"wp-block-heading\">Sacr\u00e9-Coeur<\/h2>\n\n\n\n<p>Wist je dat:<\/p>\n\n\n\n<ul class=\"wp-block-list\">\n<li>De Sacr\u00e9\u2013Coeur op de heuvel de Montmartre ligt?<\/li>\n\n\n\n<li>De trap naar de Sacr\u00e9-Coeur 222 treden telt?<\/li>\n\n\n\n<li>De basiliek in 39 jaar gebouwd is?<\/li>\n\n\n\n<li>De bouw 6 miljoen euro heeft gekost?<\/li>\n<\/ul>\n\n\n\n<p>Sacr\u00e9-Coeur: beklim de 237 treden te voet of neem de kabelbaan tot aan de basiliek Sacr\u00e9-Coeur, bovenop de heuvel Montmartre. Deze basiliek, in 1876 gebouwd in Romaans-Byzantijnse stijl, is pas in 1919 ingewijd. Wist je dat mannen en vrouwen elkaar aflossen om te bidden, zodat hier al 125 jaar lang onophoudelijk gebeden wordt?<\/p>\n\n\n\n<figure class=\"wp-block-image size-large is-resized\"><img loading=\"lazy\" decoding=\"async\" width=\"1024\" height=\"683\" src=\"https:\/\/parijs.kempenhorst.nl\/wp-content\/uploads\/2024\/05\/sacre-coeur-1024x683.jpg\" alt=\"\" class=\"wp-image-19\" style=\"width:491px;height:auto\" srcset=\"https:\/\/parijs.kempenhorst.nl\/wp-content\/uploads\/2024\/05\/sacre-coeur-1024x683.jpg 1024w, https:\/\/parijs.kempenhorst.nl\/wp-content\/uploads\/2024\/05\/sacre-coeur-300x200.jpg 300w, https:\/\/parijs.kempenhorst.nl\/wp-content\/uploads\/2024\/05\/sacre-coeur-768x512.jpg 768w, https:\/\/parijs.kempenhorst.nl\/wp-content\/uploads\/2024\/05\/sacre-coeur-850x567.jpg 850w, https:\/\/parijs.kempenhorst.nl\/wp-content\/uploads\/2024\/05\/sacre-coeur.jpg 1200w\" sizes=\"auto, (max-width: 1024px) 100vw, 1024px\" \/><\/figure>\n\n\n\n<h2 class=\"wp-block-heading\">Montmartre<\/h2>\n\n\n\n<p>Montmartre: het laatste dorp van Parijs: de mooiste wandeling in Parijs, een wandeling door folkloristisch en romantisch Parijs van de straatschilders en -muzikanten. Ontdek het levendige Place du Tertre en de Sacr\u00e9 Coeur, de ateliers en de rustieke tuinen, de cabarets \u00e9n de unieke wijngaard. Montmartre is een wijk en heuvel in Parijs, gelegen in het 18e arrondissement. Het is een wijk die veel toeristen trekt en waar van oudsher veel kunstenaars wonen. De bekendste attracties zijn de Basilique du Sacr\u00e9-C\u0153ur en de Place du Tertre. Bovenop Montmartre heb je een mooi uitzicht over Parijs<\/p>\n\n\n\n<h2 class=\"wp-block-heading\">Place du Tertre<\/h2>\n\n\n\n<figure class=\"wp-block-image size-full is-resized\"><img loading=\"lazy\" decoding=\"async\" width=\"612\" height=\"408\" src=\"https:\/\/parijs.kempenhorst.nl\/wp-content\/uploads\/2025\/09\/place-du-tertre.jpg\" alt=\"\" class=\"wp-image-181\" style=\"width:422px;height:auto\" srcset=\"https:\/\/parijs.kempenhorst.nl\/wp-content\/uploads\/2025\/09\/place-du-tertre.jpg 612w, https:\/\/parijs.kempenhorst.nl\/wp-content\/uploads\/2025\/09\/place-du-tertre-300x200.jpg 300w\" sizes=\"auto, (max-width: 612px) 100vw, 612px\" \/><\/figure>\n\n\n\n<p>Het Place du Tertre is het bekende schilderspleintje in de Montmartre. Je vindt het in het 18e arrondissement van Parijs. Het staat vooral bekend om de schilders die hier een plekje hebben ingenomen en portretten maken van voorbijgangers. De meningen over het Place du Tertre zijn verdeeld. De een vindt het vreselijk, de ander vindt het fantastisch\u00a0<\/p>\n","protected":false},"excerpt":{"rendered":"<p>Sacr\u00e9-Coeur Wist je dat: Sacr\u00e9-Coeur: beklim de 237 treden te voet of neem de kabelbaan tot aan de basiliek Sacr\u00e9-Coeur, bovenop de heuvel Montmartre. Deze basiliek, in 1876 gebouwd in Romaans-Byzantijnse stijl, is pas in 1919 ingewijd. Wist je dat mannen en vrouwen elkaar aflossen om te bidden, zodat hier al 125 jaar lang onophoudelijk&#8230;<\/p>\n","protected":false},"author":1,"featured_media":0,"parent":0,"menu_order":0,"comment_status":"closed","ping_status":"closed","template":"","meta":{"footnotes":""},"class_list":["post-109","page","type-page","status-publish","hentry"],"_links":{"self":[{"href":"https:\/\/parijs.kempenhorst.nl\/index.php?rest_route=\/wp\/v2\/pages\/109","targetHints":{"allow":["GET"]}}],"collection":[{"href":"https:\/\/parijs.kempenhorst.nl\/index.php?rest_route=\/wp\/v2\/pages"}],"about":[{"href":"https:\/\/parijs.kempenhorst.nl\/index.php?rest_route=\/wp\/v2\/types\/page"}],"author":[{"embeddable":true,"href":"https:\/\/parijs.kempenhorst.nl\/index.php?rest_route=\/wp\/v2\/users\/1"}],"replies":[{"embeddable":true,"href":"https:\/\/parijs.kempenhorst.nl\/index.php?rest_route=%2Fwp%2Fv2%2Fcomments&post=109"}],"version-history":[{"count":4,"href":"https:\/\/parijs.kempenhorst.nl\/index.php?rest_route=\/wp\/v2\/pages\/109\/revisions"}],"predecessor-version":[{"id":182,"href":"https:\/\/parijs.kempenhorst.nl\/index.php?rest_route=\/wp\/v2\/pages\/109\/revisions\/182"}],"wp:attachment":[{"href":"https:\/\/parijs.kempenhorst.nl\/index.php?rest_route=%2Fwp%2Fv2%2Fmedia&parent=109"}],"curies":[{"name":"wp","href":"https:\/\/api.w.org\/{rel}","templated":true}]}}